{"id":3486,"date":"2025-11-18T17:13:23","date_gmt":"2025-11-18T16:13:23","guid":{"rendered":"https:\/\/www.r-neumayer.de\/aktuelles\/lesg-et-les-17-objectifs-de-developpement-durable-des-nations-unies-assumer-la-responsabilite-dun-avenir-ou-il-fait-bon-vivre\/"},"modified":"2025-11-18T17:13:23","modified_gmt":"2025-11-18T16:13:23","slug":"lesg-et-les-17-objectifs-de-developpement-durable-des-nations-unies-assumer-la-responsabilite-dun-avenir-ou-il-fait-bon-vivre","status":"publish","type":"aktuelles","link":"https:\/\/www.r-neumayer.de\/fr\/aktuelles\/lesg-et-les-17-objectifs-de-developpement-durable-des-nations-unies-assumer-la-responsabilite-dun-avenir-ou-il-fait-bon-vivre\/","title":{"rendered":"L&rsquo;ESG et les 17 objectifs de d\u00e9veloppement durable des Nations unies&nbsp;: Assumer la responsabilit\u00e9 d&rsquo;un avenir o\u00f9 il fait bon vivre"},"content":{"rendered":"<p style=\"font-weight: 400;\">La durabilit\u00e9 n&rsquo;est plus une simple tendance, mais une t\u00e2che mondiale. Les 17 objectifs de d\u00e9veloppement durable (ODD) des Nations unies constituent depuis 2015 le cadre d&rsquo;un avenir juste, respectueux de l&rsquo;environnement et \u00e9conomiquement viable. L&rsquo;objectif est de r\u00e9duire la pauvret\u00e9, de prot\u00e9ger la plan\u00e8te et de promouvoir la prosp\u00e9rit\u00e9.  <\/p>\n<p style=\"font-weight: 400;\">\n<p style=\"font-weight: 400;\">Mais comment traduire ces objectifs mondiaux dans la pratique&nbsp;? Le principe ESG offre une r\u00e9ponse&nbsp;: Environnement, Social et Gouvernance \u2013 Umwelt, Gesellschaft und Unternehmensf\u00fchrung. L&rsquo;ESG est un instrument qui aide \u00e0 traduire la vision des ODD en actions mesurables.  <\/p>\n<p style=\"font-weight: 400;\">\n<p style=\"font-weight: 400;\"><strong>Que signifie ESG&nbsp;?<\/strong><\/p>\n<p style=\"font-weight: 400;\">L&rsquo;ESG consid\u00e8re l&rsquo;activit\u00e9 \u00e9conomique selon trois dimensions. Le domaine de l&rsquo;environnement comprend l&rsquo;utilisation parcimonieuse de l&rsquo;\u00e9nergie et des ressources, la protection du climat et la r\u00e9duction des \u00e9missions. Le social repr\u00e9sente le vivre ensemble humain, c&rsquo;est-\u00e0-dire des conditions de travail \u00e9quitables, la sant\u00e9, la s\u00e9curit\u00e9 et l&rsquo;engagement social. La gouvernance d\u00e9signe une gestion d&rsquo;entreprise responsable qui garantit la transparence, l&rsquo;int\u00e9grit\u00e9 et l&rsquo;\u00e9thique. Ensemble, ces trois domaines constituent le fondement du d\u00e9veloppement durable et donc le lien entre les objectifs mondiaux et les actions concr\u00e8tes.    <\/p>\n<p style=\"font-weight: 400;\">\n<p style=\"font-weight: 400;\">Les ODD montrent clairement que les syst\u00e8mes \u00e9cologiques, sociaux et \u00e9conomiques sont inextricablement li\u00e9s, par exemple&nbsp;: Sans protection du climat, il n&rsquo;y a pas de s\u00e9curit\u00e9 alimentaire, sans \u00e9ducation, pas de soci\u00e9t\u00e9 stable, sans production durable, pas d&rsquo;environnement sain. L&rsquo;ESG cr\u00e9e donc une prise de conscience de ces liens et invite \u00e0 assumer des responsabilit\u00e9s au-del\u00e0 de son propre domaine d&rsquo;action. Il ne s&rsquo;agit pas seulement de l&rsquo;avenir des entreprises individuelles, mais de la qualit\u00e9 de vie des g\u00e9n\u00e9rations futures.  <\/p>\n<p style=\"font-weight: 400;\">\n<p style=\"font-weight: 400;\">La durabilit\u00e9 est ici consid\u00e9r\u00e9e de mani\u00e8re globale. Elle signifie concevoir le progr\u00e8s de mani\u00e8re \u00e0 ce que la justice sociale, la stabilit\u00e9 \u00e9conomique et la protection de l&rsquo;environnement restent en \u00e9quilibre. La durabilit\u00e9 sociale veille \u00e0 l&rsquo;\u00e9ducation, \u00e0 la sant\u00e9 et \u00e0 l&rsquo;\u00e9galit\u00e9 des chances. La durabilit\u00e9 \u00e9conomique mise sur l&rsquo;innovation et l&rsquo;efficacit\u00e9 des ressources. La durabilit\u00e9 \u00e9cologique pr\u00e9serve les bases naturelles de la vie et limite le changement climatique.    <\/p>\n<p style=\"font-weight: 400;\">Cette interaction est au c\u0153ur de l&rsquo;Agenda&nbsp;2030 \u2013 et se refl\u00e8te \u00e9galement dans les actions de Richard Neumayer&nbsp;GmbH.<\/p>\n<p style=\"font-weight: 400;\"><strong> <\/strong><\/p>\n<p style=\"font-weight: 400;\"><strong>Neumayer a ancr\u00e9 l&rsquo;ESG de mani\u00e8re strat\u00e9gique <\/strong><\/p>\n<p style=\"font-weight: 400;\">Dans le domaine de l&rsquo;environnement, nous mettons l&rsquo;accent sur la protection du climat. Gr\u00e2ce \u00e0 des innovations et \u00e0 des investissements cibl\u00e9s, nous avons consid\u00e9rablement r\u00e9duit les \u00e9missions de CO\u2082 dans notre propre sph\u00e8re d&rsquo;influence. Les besoins en \u00e9lectricit\u00e9 sont enti\u00e8rement couverts par l&rsquo;\u00e9lectricit\u00e9 verte, et l&rsquo;utilisation de l&rsquo;\u00e9nergie est consid\u00e9rablement r\u00e9duite gr\u00e2ce \u00e0 des proc\u00e9d\u00e9s tels que le traitement thermique avec la chaleur de forge. Notre objectif \u00e0 long terme est la neutralit\u00e9 climatique d&rsquo;ici&nbsp;2050, conform\u00e9ment \u00e0 la Science Based Targets Initiative (SBTi).   <\/p>\n<p style=\"font-weight: 400;\">\n<p style=\"font-weight: 400;\">Dans le domaine social, nous nous concentrons sur la formation initiale et continue, l&rsquo;int\u00e9gration et la sant\u00e9. Plus de 20&nbsp;apprentis apprennent dans cinq professions, les collaborateurs peuvent \u00e9tudier en cours d&#8217;emploi ou se qualifier en tant que sp\u00e9cialistes, ma\u00eetres&nbsp;:ses ou techniciens&nbsp;:nes. Des cours de langue et des programmes de sant\u00e9 favorisent le bien-\u00eatre et la coh\u00e9sion. Parall\u00e8lement, l&rsquo;entreprise s&rsquo;engage dans la r\u00e9gion \u2013 des \u00e9coles et associations aux \u00e9v\u00e9nements culturels. Nous lib\u00e9rons les collaborateurs qui s&rsquo;engagent dans la protection de la population. Pour cela, Neumayer a \u00e9t\u00e9 r\u00e9compens\u00e9 par le Land de Bade-Wurtemberg en tant qu&#8217;employeur favorable au b\u00e9n\u00e9volat.     <\/p>\n<p style=\"font-weight: 400;\">\n<p style=\"font-weight: 400;\">Chez Neumayer, la gouvernance signifie une direction transparente et ax\u00e9e sur les valeurs. Des structures claires, des principes \u00e9thiques, la protection des donn\u00e9es et la s\u00e9curit\u00e9 de l&rsquo;information font partie de notre culture d&rsquo;entreprise. Nous avons notamment fait valider nos objectifs par la Science Based Targets initiative (SBTi), une initiative ind\u00e9pendante d&rsquo;organisations environnementales et de protection du climat de premier plan telles que WWF, CDP, UN Global Compact et World Resources Institute (WRI). De plus, nous publions chaque ann\u00e9e une <a href=\"https:\/\/www.r-neumayer.de\/wp-content\/uploads\/2025\/11\/20250919_NEUMAYER_SustainabilityReport_A4_4c_Layout.pdf\">Sustainability Update<\/a>.   <\/p>\n<p style=\"font-weight: 400;\"><strong> <\/strong><\/p>\n<p style=\"font-weight: 400;\">Les 17&nbsp;objectifs des Nations unies montrent que l&rsquo;environnement, la soci\u00e9t\u00e9 et l&rsquo;\u00e9conomie ne peuvent \u00eatre viables ensemble que si l&rsquo;on regarde vers l&rsquo;avenir. L&rsquo;ESG traduit cette vision globale en actions concr\u00e8tes. Pour Neumayer, cela signifie assumer des responsabilit\u00e9s, pr\u00e9server les ressources, promouvoir les personnes et faire progresser les innovations. La durabilit\u00e9 n&rsquo;est pas un \u00e9tat, mais un processus continu \u2013 nous suivons cette voie avec conviction.   <\/p>\n<p style=\"font-weight: 400;\">\n","protected":false},"featured_media":3484,"template":"","class_list":["post-3486","aktuelles","type-aktuelles","status-publish","has-post-thumbnail","hentry"],"acf":[],"_links":{"self":[{"href":"https:\/\/www.r-neumayer.de\/fr\/wp-json\/wp\/v2\/aktuelles\/3486","targetHints":{"allow":["GET"]}}],"collection":[{"href":"https:\/\/www.r-neumayer.de\/fr\/wp-json\/wp\/v2\/aktuelles"}],"about":[{"href":"https:\/\/www.r-neumayer.de\/fr\/wp-json\/wp\/v2\/types\/aktuelles"}],"wp:featuredmedia":[{"embeddable":true,"href":"https:\/\/www.r-neumayer.de\/fr\/wp-json\/wp\/v2\/media\/3484"}],"wp:attachment":[{"href":"https:\/\/www.r-neumayer.de\/fr\/wp-json\/wp\/v2\/media?parent=3486"}],"curies":[{"name":"wp","href":"https:\/\/api.w.org\/{rel}","templated":true}]}}

L&rsquo;ESG et les 17 objectifs de développement durable des Nations unies&nbsp;: Assumer la responsabilité d&rsquo;un avenir où il fait bon vivre

<p style="font-weight: 400;">La durabilité n&rsquo;est plus une simple tendance, mais une tâche mondiale. Les 17 objectifs de développement durable (ODD) des Nations unies constituent depuis 2015 le cadre d&rsquo;un avenir juste, respectueux de l&rsquo;environnement et économiquement viable. L&rsquo;objectif est de réduire la pauvreté, de protéger la planète et de promouvoir la prospérité.  </p>
<p style="font-weight: 400;">
<p style="font-weight: 400;">Mais comment traduire ces objectifs mondiaux dans la pratique&nbsp;? Le principe ESG offre une réponse&nbsp;: Environnement, Social et Gouvernance – Umwelt, Gesellschaft und Unternehmensführung. L&rsquo;ESG est un instrument qui aide à traduire la vision des ODD en actions mesurables.  </p>
<p style="font-weight: 400;">
<p style="font-weight: 400;"><strong>Que signifie ESG&nbsp;?</strong></p>
<p style="font-weight: 400;">L&rsquo;ESG considère l&rsquo;activité économique selon trois dimensions. Le domaine de l&rsquo;environnement comprend l&rsquo;utilisation parcimonieuse de l&rsquo;énergie et des ressources, la protection du climat et la réduction des émissions. Le social représente le vivre ensemble humain, c&rsquo;est-à-dire des conditions de travail équitables, la santé, la sécurité et l&rsquo;engagement social. La gouvernance désigne une gestion d&rsquo;entreprise responsable qui garantit la transparence, l&rsquo;intégrité et l&rsquo;éthique. Ensemble, ces trois domaines constituent le fondement du développement durable et donc le lien entre les objectifs mondiaux et les actions concrètes.    </p>
<p style="font-weight: 400;">
<p style="font-weight: 400;">Les ODD montrent clairement que les systèmes écologiques, sociaux et économiques sont inextricablement liés, par exemple&nbsp;: Sans protection du climat, il n&rsquo;y a pas de sécurité alimentaire, sans éducation, pas de société stable, sans production durable, pas d&rsquo;environnement sain. L&rsquo;ESG crée donc une prise de conscience de ces liens et invite à assumer des responsabilités au-delà de son propre domaine d&rsquo;action. Il ne s&rsquo;agit pas seulement de l&rsquo;avenir des entreprises individuelles, mais de la qualité de vie des générations futures.  </p>
<p style="font-weight: 400;">
<p style="font-weight: 400;">La durabilité est ici considérée de manière globale. Elle signifie concevoir le progrès de manière à ce que la justice sociale, la stabilité économique et la protection de l&rsquo;environnement restent en équilibre. La durabilité sociale veille à l&rsquo;éducation, à la santé et à l&rsquo;égalité des chances. La durabilité économique mise sur l&rsquo;innovation et l&rsquo;efficacité des ressources. La durabilité écologique préserve les bases naturelles de la vie et limite le changement climatique.    </p>
<p style="font-weight: 400;">Cette interaction est au cœur de l&rsquo;Agenda&nbsp;2030 – et se reflète également dans les actions de Richard Neumayer&nbsp;GmbH.</p>
<p style="font-weight: 400;"><strong> </strong></p>
<p style="font-weight: 400;"><strong>Neumayer a ancré l&rsquo;ESG de manière stratégique </strong></p>
<p style="font-weight: 400;">Dans le domaine de l&rsquo;environnement, nous mettons l&rsquo;accent sur la protection du climat. Grâce à des innovations et à des investissements ciblés, nous avons considérablement réduit les émissions de CO₂ dans notre propre sphère d&rsquo;influence. Les besoins en électricité sont entièrement couverts par l&rsquo;électricité verte, et l&rsquo;utilisation de l&rsquo;énergie est considérablement réduite grâce à des procédés tels que le traitement thermique avec la chaleur de forge. Notre objectif à long terme est la neutralité climatique d&rsquo;ici&nbsp;2050, conformément à la Science Based Targets Initiative (SBTi).   </p>
<p style="font-weight: 400;">
<p style="font-weight: 400;">Dans le domaine social, nous nous concentrons sur la formation initiale et continue, l&rsquo;intégration et la santé. Plus de 20&nbsp;apprentis apprennent dans cinq professions, les collaborateurs peuvent étudier en cours d&#8217;emploi ou se qualifier en tant que spécialistes, maîtres&nbsp;:ses ou techniciens&nbsp;:nes. Des cours de langue et des programmes de santé favorisent le bien-être et la cohésion. Parallèlement, l&rsquo;entreprise s&rsquo;engage dans la région – des écoles et associations aux événements culturels. Nous libérons les collaborateurs qui s&rsquo;engagent dans la protection de la population. Pour cela, Neumayer a été récompensé par le Land de Bade-Wurtemberg en tant qu&#8217;employeur favorable au bénévolat.     </p>
<p style="font-weight: 400;">
<p style="font-weight: 400;">Chez Neumayer, la gouvernance signifie une direction transparente et axée sur les valeurs. Des structures claires, des principes éthiques, la protection des données et la sécurité de l&rsquo;information font partie de notre culture d&rsquo;entreprise. Nous avons notamment fait valider nos objectifs par la Science Based Targets initiative (SBTi), une initiative indépendante d&rsquo;organisations environnementales et de protection du climat de premier plan telles que WWF, CDP, UN Global Compact et World Resources Institute (WRI). De plus, nous publions chaque année une <a href="https://www.r-neumayer.de/wp-content/uploads/2025/11/20250919_NEUMAYER_SustainabilityReport_A4_4c_Layout.pdf">Sustainability Update</a>.   </p>
<p style="font-weight: 400;"><strong> </strong></p>
<p style="font-weight: 400;">Les 17&nbsp;objectifs des Nations unies montrent que l&rsquo;environnement, la société et l&rsquo;économie ne peuvent être viables ensemble que si l&rsquo;on regarde vers l&rsquo;avenir. L&rsquo;ESG traduit cette vision globale en actions concrètes. Pour Neumayer, cela signifie assumer des responsabilités, préserver les ressources, promouvoir les personnes et faire progresser les innovations. La durabilité n&rsquo;est pas un état, mais un processus continu – nous suivons cette voie avec conviction.   </p>
<p style="font-weight: 400;">
